second derivative of p(w). Calculate r(7).
6
Let g(c) = -340689*c**3 + 170348*c**3 + 38 + 170342*c**3 - 8*c**2. Give g(7).
-11
Let w(x) = -7*x**2 + 4*x + 165. Let a(h) = 2*h**2 - h - 45. Let i(s) = 22*a(s) + 6*w(s). Give i(-2).
4
Let i(b) = 231 + 1163*b + b**2 - 1172*b - 210. Give i(9).
21
Suppose 0 = 5*a - c + 1 + 3, -2*a + 2*c = 0. Let z(k) = 1 + 369*k - 340*k - 31*k. Give z(a).
3
Let g(x) = -15*x**2 - 1. Suppose 0 = 3*r + 20 - 26. Suppose 2*z - 25 = -3*y, -3*y - r*z - z = -30. Suppose 4*s + 5 = -3*a, 0 = 4*s - a - y - 2. Calculate g(s).
-16
Let b = -80 + 85. Suppose -b*s = -9 - 16. Suppose s*z - 11 = 4. Let p(j) = -j**3 + 3*j**2 + 4*j. What is p(z)?
12
Suppose -1779*l - 156 = -1818*l. Let c(i) be the third derivative of 1/12*i**4 - 1/6*i**3 - 6*i**2 + 0*i + 0. What is c(l)?
7
Let d(r) = 5*r**3 - 9*r**2 - 15*r + 33. Let u(y) = 4*y**3 - 9*y**2 - 15*y + 32. Let i(p) = 3*d(p) - 4*u(p). What is i(10)?
21
Let v(u) = 5*u**2 - 23*u - 20. Let f(t) = 20*t - 735. Let c be f(37). Calculate v(c).
-10
Let c be (-91)/(-7) + -25 - -17. Let t(d) = -2*d**3 + 7*d**2 + 11*d + 12. Calculate t(c).
-8
Suppose 42*d + 131 = -55 + 732. Let v(r) = -r**3 + 14*r**2 - 6*r - 43. Give v(d).
48
Let k = -1141 - -1144. Let z(d) = 10*d**2 - 30*d + 6. Calculate z(k).
6
Let j(v) = -v + 6. Suppose 67 = -p + 91. Suppose -9*n + p = -30. Determine j(n).
0
Let z(l) = -l**3 + l**2 + 7*l + 8. Suppose 207*g = 216*g - 36. Give z(g).
-12
Let d(n) be the first derivative of n**4/4 + n**3/3 + 2*n**2 - 23*n - 722. What is d(0)?
-23
Let c(v) = -v**3 - 12*v**2 + 34*v + 78. Suppose 8*r - 50*r + 13*r = 406. Calculate c(r).
-6
Let y(c) = -1. Suppose -7*n + 821 - 828 = 0. Let x(v) = -4*v - 9. Let m(k) = n*x(k) + 5*y(k). Let g(w) = w**2 + 3. Let r be g(0). Calculate m(r).
16
Suppose -3*i + 45 = -3*f, -2*i = -4 - 2. Let s(c) = -5*c - 54. Calculate s(f).
6
Let q(s) be the third derivative of s**6/60 + 2*s**5/15 - s**4/3 - s**3/3 + 6*s**2 - 100*s. Calculate q(-6).
-98
Let h(f) = -f**3 - 5*f**2 - 6*f. Suppose -11*b = 14*b + 250. Let x(t) = t**2 + 11*t + 6. Let k be x(b). Determine h(k).
8
Let m(c) = 23 - 9 + 0 + 8 - 16*c + 12. Calculate m(3).
-14
Let k(f) = -2*f**2 + f + 4. Let n = -7 - -52. Suppose n = -7*a - 4. Let j(l) = -5*l**2 + l + 8. Let c(d) = a*k(d) + 3*j(d). Calculate c(-3).
-1
Let o(w) = w**2 + 6. Let h be (-40)/15*(-3)/5 + 34/85. Give o(h).
10
Let o(d) = -2*d. Suppose -4*n = -21*n + 1275. Suppose 12*m + 9 = -n. Determine o(m).
14
Let h be (3 - 2)*3*10/(-6). Let y(s) be the first derivative of -s**3/3 + s**2 + 7*s - 133. Give y(h).
-28
Let q = 1026 - 1026. Let s(n) be the third derivative of 0*n**3 + 0*n + q + 1/12*n**4 - 38*n**2. Calculate s(2).
4
Suppose 6*j = -j + 14. Suppose -4*t - 23 = -j*c + 1, -5*c = 0. Let n(y) = 8*y - 3. Let u(g) = -3*g + 1. Let l(m) = 4*n(m) + 11*u(m). Determine l(t).
5
Suppose -3*v - 1 + 10 = -x, v + 2*x = 10. Let f(s) = 1 - s + v + 4 - 1. Suppose 2*i + i = 0. Give f(i).
8
Suppose 7*t - 35 = 14. Suppose r = 2*s - 3, -s + 5*r = 31 - 10. Let v(d) = -t - s + 10 - 5*d. Calculate v(-2).
9
Let d(g) be the first derivative of g**4/12 + g**3/3 + 143*g**2/2 - 264. Let v(c) be the second derivative of d(c). Give v(-5).
-8
Let h be 4 - (4 - (7 + -4)). Let w(i) = -i**3 - 6*i**2 + 3*i - 6. Let v(t) = 3*t**3 + 13*t**2 - 7*t + 13. Let o(d) = 2*v(d) + 5*w(d). Give o(h).
-10
Let a(q) = -q**3 - q**2 - 2*q + 14. Suppose -13*x - 10 = -j - 11*x, -5*j + x = -5. Give a(j).
14
Let l(a) = -4*a**2 + 3*a + 5. Let y(n) = 86*n - 86. Let t be y(1). Calculate l(t).
5
Let m(l) = 58*l + 4. Let s be m(-3). Let h = s + 178. Let d(o) = o**2 - 8*o - 8. Calculate d(h).
-8
Suppose 0 = -7*v + 9 + 5. Let w(x) = -2*x**2 - 9 - x**2 + 4*x**v - 16. Determine w(0).
-25
Suppose -w = -1, -3*x + w + 286 - 29 = 0. Let i = -84 + x. Let z(b) = 3*b + i + 1 + 10*b**2 - 5 - 6*b**2 + b**3. Determine z(-3).
-2
Let b(h) be the first derivative of h**2/2 + 7*h + 17. Let z(q) be the third derivative of q**4/12 + 14*q**3/3 + 3*q**2. Let i be z(-14). Determine b(i).
7
Let x be -1*2/(-3)*3. Suppose -x*h + 90 = 278. Let j be h/(-18) - (-4)/(-18). Let k(n) = n**3 - 5*n**2 + n + 5. Calculate k(j).
10
Let c(a) = -2*a**3 - a**2 - a + 1. Let u(r) = 7*r - 27. Suppose 0 = -2*m + 28 - 18. Let g be u(m). Let y be (-1)/3*(g/4 - -4). Give c(y).
15
Let u(p) = -104*p**2 + 117*p - 2. Let d be u(1). Let n(t) = 7*t - 33. Give n(d).
44
Suppose -40 = 3*q - 3*z - 34, z = -4*q + 17. Let o(t) = -2*t**2 + 7. Determine o(q).
-11
Suppose -4*s + 58 = -j, -3*s + 301 = -4*j + 30. Let h = j - -72. Let q(f) = -5*f + 5 - 7 - f**h + 4. Determine q(-5).
2
Let l(n) be the third derivative of -n**4/24 + n**3/6 + 64*n**2. Let j(a) = -2*a + 6. Let t(d) = -j(d) + 5*l(d). Give t(2).
-7
Let q = 1 - -5. Let u(o) be the first derivative of 7/2*o**2 - 1/4*o**4 - 1 + 2*o + 5/3*o**3. Calculate u(q).
8
Let a(k) = 10 - 1330*k**2 + 665*k**2 + 672*k**2 - k**3 - 14*k. Give a(4).
2
Let q(v) = -57*v + 75. Let s(h) = 28*h - 37. Let i(f) = 6*q(f) + 13*s(f). Give i(2).
13
Suppose -2*i + 11 = x - 2, 2*i = 5*x - 17. Let z be (8/(-4))/(i/(-6)). Let p(v) = 4*v + 41. Let d(t) = -4*t - 55. Let w(m) = 3*d(m) + 4*p(m). Determine w(z).
11
Suppose -15*k + 11*k = -4. Suppose -4*t + 6 = j, j + k - 5 = -2*t. Let d(m) = 11*m + 6 - 5*m - 5*m - j*m. Calculate d(5).
1
Let z(v) = 28*v + 0*v**2 - 23*v + 5 - v**2. Let m be z(0). Let o(y) = -y**3 + 5*y**2 + 2*y - 3. Calculate o(m).
7
Suppose -4*a = -0*a - 12. Let o(w) be the second derivative of -9*w + 1/4*w**4 - 3/2*w**2 + 0*w**3 + 12 - 1/20*w**5. Calculate o(a).
-3
Let c be (-64)/((-1216)/285) + -11. Let q(r) be the first derivative of 1 - 5/3*r**3 + 3/2*r**2 + 5*r + 1/4*r**4. What is q(c)?
1
Let d be (-1 + 0)/((-10)/300). Let g be 115/d - (-3)/18. Suppose -5*y + y + u = g, -26 = 5*y + 4*u. Let w(n) = 2*n + 2. Calculate w(y).
-2
Let p(c) = -10*c**3 + 163*c + c**2 + 160*c - 2 - 481*c + 159*c. Give p(2).
-76
Let l(v) = -18*v. Let g(u) = 178*u - 82. Let k(p) = -g(p) - 10*l(p). Give k(-34).
14
Let a(f) = -2*f**2 - 54*f**2 + 45*f**2 - 3 + 0. Determine a(-2).
-47
Let u be (9/6)/((-15)/40). Let k(y) be the first derivative of y**3/3 + 5*y**2/2 + y - 2. Let z be k(u). Let j(l) = -l**2 - 5*l - 3. Determine j(z).
3
Suppose -2*b + 3*x + 11 = 0, b - 5*x + 49 - 44 = 0. Let i(d) = -d**2 + 18*d - 69. Calculate i(b).
11
Let z be (3 + 238/21)*3. Let u be (45 - z)/(1 + (-6)/4). Let m(d) = -d**3 - 2*d**2 - 5. Determine m(u).
27
Let l(y) = -5*y - 2. Let g be (-100)/(-24) - 1/6. Let n be -6*(38/g - 3). Let c = 42 + n. Calculate l(c).
-17
Let s(j) be the third derivative of -1/12*j**5 - 1/6*j**4 + 1/120*j**6 + 0*j + 1/2*j**3 - 39*j**2 + 0. Give s(5).
-17
Let z(o) = 9*o**2 + 187*o - 45. Let a be 12/48*672/(-8). Give z(a).
-3
Let j(c) be the third derivative of c**5/60 + 5*c**4/8 + 3*c**3 + 8*c**2. Let g = 99 + -113. Let i be j(g). Let y(v) = v**2 - 5*v - 3. Give y(i).
-7
Let f(s) be the first derivative of s**4/4 + s**2/2 - 5*s - 4498. Suppose -5*z - 20 = -2*c, 4 = c - z - 0*z. Calculate f(c).
-5
Let a(w) = 24 - 1 + 18 - 56 + w. What is a(13)?
-2
Let f(d) be the second derivative of -1/2*d**4 + 2*d**2 - 5 + 1/20*d**5 + 2*d + 2/3*d**3. Calculate f(5).
-1
Let d(j) = -5*j**2 + 11*j + 2. Let r(i) = 0 + 6*i - 6 - 3*i**2 + 7. Let u(o) = -2*d(o) + 5*r(o). Let f(c) = c**2 - c. Let q(s) = -4*f(s) - u(s). Calculate q(6).
11
Let a(j) = 35*j - 7. Let f(d) = -6*d - 4. Let r(m) = a(m) + 5*f(m). Give r(15).
48
Let f(w) = w**2 + 22*w - 46. Suppose -5*b = 5*c + 120, -76*b - 4*c + 48 = -78*b. Determine f(b).
2
Let f be 84/15 - 2/(-5). Suppose 5*i + 4*z = 20, -5*i + 2*z - f - 4 = 0. Suppose 3*y - 2*y - 5*s = 24, -4*y - s - 9 = i. Let u(h) = -6*h + 1. What is u(y)?
7
Let k be (-5 - -2)/((-26)/10 + 2). Let i(o) = o**3 - 8*o**2 + 14*o - 2. Let q be i(k). Let w(d) = d**3 + 8*d**2 + 7*d + 9. Calculate w(q).
9
Let x(t) = -11*t + 39. Let y = -4111 + 4111. Give x(y).
39
Let d(m) = -m**2 + 7*m - 10. Let r(q) = q**2 - 10*q + 30. Suppose 9*l - 80 = -7*l. Let c be r(l). Calculate d(c).
0
Let o(y) be the first derivative of y**3/2 - 3*y**2 - 15*y - 55. Let i(z) be the first derivative of o(z). What is i(4)?
6
Let h(o) = -o**3 - 17*o**2 - 17*o - 7. Let y be h(-16). Suppose 13*x = y*x + 4. Let l(i) = -3*i**2 + 1. Calculate l(x).
-2
Let a = -428 + 433. Suppose y - 1 = -2*x - 15, 0 = -a*x - y - 32. L